 1*(-3 - f)*39?
3
Let p(v) = -v**2 + 16*v + 1. What is the tens digit of p(13)?
4
Let a(q) = -q - 1. Suppose 2*g + 24 - 6 = 0. What is the units digit of a(g)?
8
Let g(t) = -1 + t + 0*t**3 - 5*t - t**3 - 5*t**2. What is the tens digit of g(-5)?
1
Let z = 418 + -227. What is the tens digit of z?
9
Let j be (-1)/(0 + 3/(-69)). Let z = j - 16. Suppose -3*x + z = -5. What is the units digit of x?
4
Let s(d) = -4*d - 4. Let o be s(3). What is the units digit of o/((-1)/(-1 + 2))?
6
Suppose -2*u - 8*u = -320. What is the units digit of u?
2
Let u(h) = 3*h + 4. Let j be u(-3). What is the tens digit of (-12)/j*40/6?
1
Let i(a) = 0*a**2 + a**2 + 3*a + 10 - 4*a - 5*a. What is the tens digit of i(8)?
2
Suppose 0 = -2*s + 3 + 1. Suppose s*j = 3*j. Suppose -3*p + 4*p - 7 = j. What is the units digit of p?
7
Suppose h = 5, 3*p + h = 7*p - 135. What is the units digit of p?
5
Let n be (-38)/9 - (-8)/36. Let q = 11 + n. Let u = q - -1. What is the units digit of u?
8
Suppose 0 = t - 2*t + 27. What is the tens digit of t?
2
Suppose -4*u + 12 = -0*u - 3*k, 0 = 2*u - 5*k - 20. Suppose u*z - 60 = -2*z. What is the units digit of z?
0
Let l = 5 - 1. Suppose 0 = -l*j + 31 + 37. What is the tens digit of j?
1
Suppose 0 = 5*u + 4*u - 1494. What is the hundreds digit of u?
1
Let p(d) = 3*d**2 + 10*d + 15. What is the tens digit of p(-6)?
6
Let t(q) = 4*q**2 + 14*q + 12. What is the tens digit of t(-6)?
7
Let q be (-1)/(-1) + -1 - -3. Suppose -5 + 2 = -3*x. What is the units digit of x/(q*(-2)/(-24))?
4
Let b = 6 - 5. Let g = 26 + b. What is the tens digit of g?
2
Suppose 0 = 4*n - 20, 3*i - 4*n - 7 + 3 = 0. Let t(k) = k**3 - 9*k**2 + 11*k - 9. What is the tens digit of t(i)?
1
Let x(d) be the second derivative of 1/2*d**2 + 0 - 1/3*d**3 + 2*d. What is the units digit of x(-4)?
9
Let q(m) = m**3 + 2*m**2 + 314. What is the tens digit of q(0)?
1
Suppose -3*o + o + 46 = 0. What is the units digit of o?
3
What is the units digit of 2 + ((-3)/9)/((-2)/294)?
1
Let o = 167 + -7. What is the tens digit of o?
6
Suppose 0 = -4*u + 6*u - 6. Let t be (-4)/6 - (-15)/9. What is the units digit of (u - t)/(2/7)?
7
Suppose 5*i + 16 = 101. What is the units digit of i?
7
Suppose 0*z = -2*z + 4. Let l(p) = -2 + p**2 + z - p. What is the units digit of l(2)?
2
Suppose 12*q = 9*q + 120. What is the units digit of q?
0
Let r(l) = 12*l - 11. What is the tens digit of r(4)?
3
Suppose m = -0*m. Let i(z) = 5 - 1 + 3 - z. What is the units digit of i(m)?
7
Let q(d) = 10*d - 11. Let s(m) = 5*m - 6. Let t(i) = 3*q(i) - 5*s(i). What is the units digit of t(4)?
7
Let m(x) = 0 + x**3 + 4 - x**2 - 2*x + 3*x**2. Let d be m(-3). Suppose -3*r + 2 = -d. What is the units digit of r?
1
Suppose -20 = -3*f - f. Suppose 2*h - 6 = 2*s + 2*s, -f*h + 15 = 2*s. Suppose h*z - 2*z - 4 = 0. What is the units digit of z?
4
Let d(x) = 2*x - 6. Let k be d(6). Let z(u) = u**2 - u - 4. What is the tens digit of z(k)?
2
Suppose 6 = -4*p + 22. Suppose 4*k = p, 0 = o - 4*o + 4*k - 4. Suppose 4*w + o*w = 16. What is the units digit of w?
4
Suppose 4*b = 5*g - 52, 3*g - 4*g + 20 = 4*b. What is the tens digit of g?
1
Suppose -3*x + 7 = -2*x + p, -17 = 4*x - 5*p. Suppose 4*c + 101 = 25. What is the units digit of (c/x)/(1/(-2))?
9
Let s = -221 + 313. What is the units digit of s?
2
Let u(b) = 6*b - 5. Suppose -q - 5 = -2*q. Let s(j) = j - 1. Let d be s(q). What is the units digit of u(d)?
9
Let d = -287 - -556. What is the units digit of d?
9
Let r = -359 + 675. What is the units digit of r?
6
Suppose 66 = 5*j - 2*j. Suppose 5*d - 3*i - 84 = -0*i, -d + j = 2*i. What is the units digit of d?
8
Let n be (30/4)/(9/12). Suppose 2*x = -2*w - n + 24, -5*x + 31 = 3*w. Suppose 0*g = -w*g + 8. What is the units digit of g?
4
Suppose -d + 153 = 2*d. What is the units digit of d?
1
Suppose 5 = u, 1 = -4*x + u - 0. Let q = x + 4. What is the units digit of q?
5
Suppose 399 - 3287 = -19*q. What is the units digit of q?
2
Let c(x) = -x**3 + 4*x**2 + 4*x + 3. Suppose 3 - 1 = -h + 4*o, -5*o - 6 = 3*h. What is the tens digit of c(h)?
1
Suppose -4*u + 184 - 20 = 0. What is the units digit of (-3)/6 - u/(-2)?
0
Suppose 151 = 3*c - z, 0 = -3*z - 0 + 6. What is the units digit of c?
1
Suppose 0 = -4*k + 5*k. Suppose k = -2*b - 2*b + 20. Suppose 0 = -3*c - 9, 10*j = b*j + c + 18. What is the units digit of j?
3
Let g = 21 + 89. What is the hundreds digit of g?
1
Let j be 43/9 - 10/(-45). Suppose 4*y + 36 = j*o, -3*y - 36 = 2*y - 4*o. Let w = 9 + y. What is the units digit of w?
5
Suppose 15*g - 2923 = -43. What is the units digit of g?
2
Suppose -s + 2 = -0*s, 0 = -z + 3*s + 39. Suppose 4*p = l - 28, -p - z = -l - 4*l. What is the units digit of l?
8
Suppose -3*y + 3 = -0*y. What is the units digit of y?
1
Suppose 15 - 121 = -2*z. What is the units digit of z?
3
Let w(t) = -t**3 + 5*t**2 - 2. Let y be w(5). What is the units digit of (-3 - -8)/((-1)/y)?
0
Let h = 582 + -210. What is the tens digit of h?
7
Suppose 3*u - 130 = 2*c, 5*u - 3*u - 5*c = 105. What is the tens digit of u?
4
Suppose 22 = -4*n - 14. Let q(g) be the second derivative of g**4/12 + 3*g**3/2 + g**2 + 3*g. What is the units digit of q(n)?
2
Let y = 73 - 56. What is the units digit of y?
7
Let c(m) = 2*m + 1. Let y be c(-2). Let q(j) = -j**2 - 2*j + 4. Let b be q(y). What is the units digit of (1 - (1 + -2)) + b?
3
Let m(j) = -j**3 + 7*j**2 + 9*j - 5. Let h be m(8). Suppose 0*l - 2*w = -l + 13, -19 = -h*l + 2*w. What is the units digit of l?
3
Suppose -6*b + 260 = -208. What is the units digit of b?
8
Let r be (-3)/(-2)*7*2. Suppose -4*u + 2 = 6, -2*k = 3*u - r. What is the tens digit of k?
1
Let j be -7 - (6 - 3 - -1). What is the units digit of (j/(-3))/(5/15)?
1
What is the units digit of (-103 + 1)/(-1) + -3?
9
Let u(t) = 6*t - 14. Suppose -3*v + 19 + 14 = 0. What is the tens digit of u(v)?
5
Let d be 2/(-6) + 36/27. Let l(v) = 17*v - 1. What is the tens digit of l(d)?
1
Suppose -3*j + 4*j - 30 = 3*s, 0 = -5*j + 4*s + 161. What is the units digit of j?
3
Let s(b) be the first derivative of b**4/4 - 3*b**2/2 + b + 2. What is the tens digit of s(3)?
1
Suppose 0 = 5*n - 493 - 492. What is the units digit of n?
7
Let p = -2 + 9. Suppose 2*g = 1 + p. What is the units digit of g?
4
Let m = -80 - -173. What is the units digit of m?
3
Suppose -7*a + 240 = 44. What is the tens digit of a?
2
Let n(j) = 102*j + 1. What is the units digit of n(1)?
3
Let g = 128 + -38. Suppose -4*x = -3*v + g, 2*x + 142 - 12 = 4*v. What is the tens digit of v?
3
Let z = 68 - 60. What is the units digit of z?
8
Suppose -o + 198 = 2*i, -3*o - 4*i + 73 = -511. What is the tens digit of o?
8
Let w(i) = i**2 + 11*i. What is the tens digit of w(-12)?
1
Let n(o) = -o**2 + 4*o - 5. Let y be n(4). Let q(w) = -w**3 - 6*w**2 - 5*w + 5. What is the units digit of q(y)?
5
What is the hundreds digit of ((4832/(-12))/(-4))/((-6)/(-9))?
1
Let r(u) = 5*u**2 - u - 1. Let d be r(-2). Suppose g = -0*g + d. What is the tens digit of g?
2
Let a(t) = 6*t**2 + 4*t - 3. What is the hundreds digit of a(-5)?
1
Let j(t) = -3*t - 17. Let w be j(-7). Suppose u + 1 = w. What is the units digit of u?
3
Suppose -3*q + 4*q - 180 = -3*b, 0 = 3*q - 2*b - 507. What is the units digit of q?
1
Let n = 59 + -28. What is the units digit of n?
1
Let l be 22/(-5)*(4 + 1). Let o = 49 + l. What is the tens digit of o?
2
Suppose 6*v = v. Suppose v*i = -2*i. Suppose 3*d - 6 = 5*k, -5*k = 2*d - i*k - 4. What is the units digit of d?
2
Let w(c) = 8*c - 11. Let u be w(5). Let n = u + -8. What is the tens digit of n?
2
Suppose -5*q = -2*j - 101, 2*q - 3*q + 17 = -2*j. Suppose -2*h - 5*z = -q, -2*h - 2*z - 7 = -19. What is the units digit of h?
3
Let g = 85 - 215. What is the tens digit of g/(-5) + (-1 - 2)?
2
Let a(u) be the third derivative of -u**6/120 - u**4/24 + 5*u**3/6 - 3*u**2. What is the units digit of a(0)?
5
Let z = 5 + 1. Let r(a) = -a + 8. Let x be r(z). Suppose 3*n + x = 20. What is the units digit of n?
6
Suppose -3*r - 4 = -34. Let f = 23 - r. What is the units digit of f?
3
Let k(r) = -23*r + 19. What is the units digit of k(-3)?
8
Suppose -3*i - 6*i = -864. What is the tens digit of i?
9
Let y(d) = 2*d - 6. Let c(f) = 1. Let a(s) = -3*c(s) - y(s). What is the units digit of a(-3)?
9
Let x(t) = -t**3 - 5*t**2 + 6*t + 5. Let u be x(